 be p(-2). Suppose 0 = -4*z + 4*y + 40, f = 3*y - j - 10. What is the greatest common divisor of 112 and z?
14
Let o be 55 + (0 - 0) + 8 + -13. Suppose -n + 19 = -481. Suppose c = -3*c + n. Calculate the greatest common factor of o and c.
25
Suppose 0 = 6*j - 1 - 5. Suppose -4*n + 6 + 26 = 0. Calculate the greatest common factor of j and n.
1
Let p = 202 - 58. What is the greatest common factor of p and 18?
18
Let k(g) = 18*g**3 + g. Let j = 9 - 8. Let q be k(j). Calculate the highest common divisor of q and 57.
19
Let n(z) = z**2 + 1. Let l be n(-1). Calculate the greatest common factor of 18 and l.
2
Suppose -3*r - 6 = -r. Let n be (22/(-6))/(1/r). What is the highest common factor of 33 and n?
11
Let p = 141 + -77. What is the highest common divisor of 32 and p?
32
Let r(n) = -n**3 + 9*n**2 + 21. Let i be r(8). What is the highest common divisor of i and 51?
17
Let w(d) = 4*d - 7. Let k be w(4). Calculate the highest common divisor of 45 and k.
9
Let v(f) = 1 + 4 - f + 4. Suppose -b = 4*y - 4, -2*y + 5 = -5*b + 3. Let s be v(b). What is the greatest common divisor of 99 and s?
9
Suppose -3*a = -5*a + 4. Suppose s = -a*j + 13, -3*j - s + 2*s + 27 = 0. Let d(r) = r - 2. Let y be d(j). Calculate the greatest common divisor of y and 42.
6
Suppose 16 = 4*k - 0*k. Let x be k*((-243)/12)/(-1). What is the greatest common factor of x and 9?
9
Let s be ((-9)/3 - -47 - 2) + -3. Suppose 0*o - 3*o = -39. What is the greatest common factor of s and o?
13
Suppose 0 = 3*i - i - 92. Let j = -20 + i. Suppose 0 = -5*x + j + 54. What is the highest common factor of 4 and x?
4
Let w(i) = -i**2 - 5*i - 4. Suppose -3*o - 5 = 7. Let z be w(o). Let l be 0/3 + 1 + z. Calculate the highest common divisor of l and 1.
1
Let p be 1408/28 - (-6)/(-21). What is the greatest common factor of p and 10?
10
Let y = -130 + 143. Calculate the highest common factor of y and 39.
13
Let i = -56 + 92. Calculate the highest common factor of 24 and i.
12
Let u = 39 - 26. Let h be 2/2 + -10 + u. Suppose -h*d = -m + 90, 450 = 5*m + 3*d + d. What is the greatest common divisor of m and 18?
18
Suppose 3*g + 0*g - 5*l + 11 = 0, 2*l - 2 = 0. Let t be 30/(0 - 3/g). Let i = 50 - 10. Calculate the greatest common divisor of i and t.
20
Suppose 0 = -5*u + 272 + 2738. Let y = u + -391. Suppose y = 3*k - 275. Calculate the highest common factor of k and 18.
18
Suppose -3*j = j - 112. Calculate the greatest common factor of 14 and j.
14
Suppose x = -3*x. Suppose x = 5*l + 3*k - 45, -45 = -4*l - l - k. Calculate the highest common divisor of 99 and l.
9
Let f be (7 + -8)*(-1 - 1). Suppose 0 = n - 4*h - 6, 2*n - h - 18 = 22. What is the greatest common divisor of f and n?
2
Suppose -2*h = -0*n + n - 2, -5*h = -n + 30. Let x = 0 + n. Calculate the greatest common divisor of 2 and x.
2
Suppose 5*u + 228 = 4*f - 530, 3*f = 2*u + 565. What is the greatest common factor of f and 17?
17
Suppose 0 = -2*r + 5*d + 34, r + 3*d + 18 = 57. Suppose 6*k - t - 38 = 2*k, -5*t = 10. What is the highest common divisor of r and k?
9
Let q = 101 + -56. Let o(s) = -s**2 - 8*s - 9. Let h be o(-6). Suppose 0 = 4*l + 8, h*j = -j + 3*l + 78. What is the highest common divisor of j and q?
9
Let c(n) be the first derivative of 2*n**3/3 - n + 1. Let y = 11 - 14. Let z be c(y). Calculate the highest common divisor of z and 17.
17
Suppose q - 52 = -4*w, 0*w - w + 238 = 4*q. Calculate the greatest common divisor of q and 20.
20
Suppose -3*k - 2*o = -50, 55 = 4*k - 4*o + 9*o. What is the highest common factor of 15 and k?
5
Suppose 0 = 4*m - 829 - 987. Let u = m - 314. Suppose 5*a - 2*p - u = 0, 5*p = -4*a - 0*p + 112. Calculate the greatest common divisor of 42 and a.
14
Suppose 4*o - 64 = -0*o. Suppose 21*z - 336 = 7*z. Calculate the highest common divisor of o and z.
8
Suppose q - 5 = 15. Calculate the highest common factor of 140 and q.
20
Let k be -3 + (-14)/(-4) + 15/2. Calculate the highest common factor of k and 88.
8
Let h be (17/(-4))/((-6)/72). Let v be (-1)/(-4) + 134/8. Calculate the greatest common divisor of h and v.
17
Let p = -6 + 7. Suppose -46 = -r - p. What is the highest common divisor of 18 and r?
9
Suppose r + 0*r - 5 = 0. Suppose -l + 2*t + 44 = -13, r*t = 2*l - 116. Suppose -3*j + l + 211 = 0. Calculate the highest common factor of j and 8.
8
Suppose 0 = f - 3*y - 2, -2*f - 5*y + 7 + 8 = 0. Let q(j) = j - 3*j - j - 2. Let a be q(-4). Calculate the greatest common divisor of a and f.
5
Let g(x) = x**2 + 7. Let l be g(3). What is the highest common factor of 16 and l?
16
Let q(o) = -5*o - 10. Let p be q(-4). What is the highest common divisor of p and 5?
5
Let h(u) = u**2 - 6*u + 7. Let j be h(5). Let f be ((-6)/(-2))/(j/30). Suppose 5*g = 7*g - 36. What is the highest common divisor of f and g?
9
Suppose 18 = 4*f - 2*r, 4*f = 4*r + 3 + 5. Suppose 0 = -b - 2*h + 9, 6*b - 3*b = 4*h + f. What is the greatest common factor of 5 and b?
5
Suppose 0 = -3*j - 4*c + 2*c + 340, 0 = -2*j + 4*c + 216. Suppose 10 + 7 = 2*s - 3*f, 0 = -5*s + 2*f + 70. Calculate the highest common divisor of j and s.
16
Suppose -4*l = -l - 12. Suppose l*b = -q + 120, 2*q - 5*b = q + 93. Let d = q - 58. What is the highest common factor of 10 and d?
10
Let m = -30 - -58. Let z(v) = 18*v**2 + 8*v + 14. Let w be z(-2). What is the highest common divisor of w and m?
14
Let b be (0 + 0)/1 + -3. Let p(h) = -h**3 - 3*h**2 + h + 3. Let o be p(b). Let t be (-1)/(o + (-2)/6). Calculate the highest common divisor of 2 and t.
1
Suppose 0 = -b - 2 - 0. Let y(z) = 47*z**2 + 1. Let o be y(b). Calculate the highest common factor of 21 and o.
21
Let c be 2 - 0/2 - -3. Suppose 0 = -g - 4*j, 4*g + 2 = -c*j + 13. Let v = g + 0. What is the highest common factor of 8 and v?
4
Let r be (-90)/(-1 + 3/(-3)). Calculate the highest common divisor of r and 5.
5
Suppose 5*y - k - 102 - 30 = 0, 2*y - 2*k - 56 = 0. What is the highest common factor of 13 and y?
13
Let j = -6 + 10. Suppose 4*h - 2 = -u + 8, 0 = -j*u - 3*h + 79. What is the greatest common factor of 33 and u?
11
Suppose -4*d - 263 = -3*x, 111 = 3*x + 5*d - 188. Let p = 189 - x. Let w be (4/(-5))/(2/(-30)). Calculate the greatest common factor of w and p.
12
Let j be (9/4)/((-3)/(-16)) - -1. What is the highest common factor of j and 13?
13
Let i be (-1)/(-2) + 723/6. Calculate the greatest common factor of i and 11.
11
Suppose 0 = 5*d + 10, 3*k - 45 - 83 = -2*d. Suppose -6*v = -17 - 7. What is the greatest common factor of k and v?
4
Let r be (-112)/(-1) + -1 + 1. Calculate the greatest common factor of 16 and r.
16
Suppose 3*m - 50 = 2*m. What is the highest common divisor of 10 and m?
10
Let t(k) = -3*k - 12. Let c = -10 - -6. Let p(a) = a. Let q(r) = c*p(r) - t(r). Let w be q(7). What is the highest common factor of 5 and w?
5
Let n(c) = 3*c + 17. Let f(y) = -6*y - 35. Let k(m) = -3*f(m) - 7*n(m). Let b be k(-11). What is the greatest common factor of b and 152?
19
Suppose 2*b + 0 = 4, 2*n = 3*b + 4. What is the greatest common factor of n and 5?
5
Suppose 12 = 3*l - 0*l. Let i(w) = 3 - 16 - w - 1 + l*w. Let y be i(10). Calculate the highest common factor of 128 and y.
16
Suppose 2*f + 12 = -2*f, o - 5*f = 28. Let h(p) = -12*p**3 + 4*p**2 + 4*p. Let c be h(-2). Calculate the greatest common divisor of c and o.
13
Let t = 98 + -35. Calculate the greatest common factor of 9 and t.
9
Let v be (-1)/(-2) - 319/(-2). Suppose -5*z - 5*c + 120 = 0, -5*z - 5*c = -z - 100. Calculate the highest common divisor of z and v.
20
Let h = -8 - -23. Let d(p) = p**2 - p - 15. Let y be d(6). Calculate the highest common divisor of y and h.
15
Let u be -2 - (-5 + 4)*-22. Let r be (-1)/(-4) + (-1434)/u. Suppose 0 = 3*q - 3, -2*v - v + 34 = -2*q. Calculate the highest common factor of v and r.
12
Let l be ((-16)/(-2))/((-2)/(-4)). Suppose 12 + 4 = 2*c. What is the highest common factor of c and l?
8
Suppose -18 = -2*r - r. Let h be 21/14*20/r. Calculate the highest common divisor of h and 1.
1
Suppose -c = -41 - 47. What is the greatest common divisor of 11 and c?
11
Suppose 12 = -5*b - 8, 3*g = 4*b + 31. Let j = 5 + g. Suppose 4*z - j = -z. What is the greatest common factor of z and 3?
1
Let c(a) = a**2 - 3*a - 1. Let f be c(4). Suppose -f = -r, l + 24 = 5*l - 4*r. Calculate the greatest common factor of l and 72.